) = 4*u**3 - 6*u**2 + 3*u + 7. Let n be g(3). Let w be n + (-2)/(-7) + (-36)/28. Suppose -4*h + 2605 = j, 5*h = -j + w + 2535. Is j a composite number?
False
Suppose 16*g = 8749 - 12513 + 132868. Is g prime?
True
Suppose -2*v + 4*a - 5656 = 0, 3*v + 8*a + 8466 = 5*a. Let w = v + 4979. Is w composite?
True
Let d = -25086 + 90571. Suppose 27*w = 34*w - d. Is w prime?
False
Let l(q) = -q**3 + 5*q**2 + 3*q - 10. Let d be l(5). Let s(o) = -o**2 + 4*o + 8. Let i be s(d). Let p(m) = 45*m**2 + 9*m - 10. Is p(i) composite?
True
Suppose 2*m = -3*v + 737, 0*m - 3*m + 5*v + 1115 = 0. Suppose -2*s = -424 - m. Let c = 238 + s. Is c a composite number?
True
Let w(z) be the third derivative of -z**5/20 - 7*z**4/8 + z**3/3 - 11*z**2. Let a be w(-7). Is (1/a - 20/(-40))*1049 composite?
False
Let l(b) = 2*b**3 + b**2 - b + 5. Let d be l(0). Suppose -d*p = u - 27545, -2*u - 10277 + 32313 = 4*p. Is p composite?
True
Let d = -295 - -370. Suppose -d = -4*u - 5*r + 2156, 0 = 3*u + 5*r - 1672. Is u a composite number?
True
Let c = 2843 - 4905. Let d = 4111 + c. Is d composite?
True
Let l = -8736 + 12535. Is l composite?
True
Suppose 0 = -q + 168*p - 163*p + 502883, 3*p - 2514583 = -5*q. Is q prime?
False
Let j = -11012 + 17635. Is j composite?
True
Let h = -113400 + 194471. Is h a prime number?
True
Suppose -40*v = u - 35*v - 69289, 5*v - 277246 = -4*u. Is u prime?
False
Let u(j) = -2*j**3 - 36*j**2 - j - 16. Let c be u(-18). Let n be (-5)/(55/c) - (-8694)/(-99). Is n/(-110) + (-7802)/(-10) a prime number?
False
Is (((-2)/(-12))/((-7)/28))/((-38)/2829651) a prime number?
False
Suppose -5*n - 3*d + 339 = 0, -3*n - 54 = -4*d - 269. Suppose 0 = -3*y + 246 + 1074. Let i = y - n. Is i a composite number?
True
Let u(m) = 4730*m - 53. Let r be u(6). Suppose r = 39*q - 26*q. Is q prime?
True
Let d = -42345 + 155852. Is d a composite number?
True
Let j be (-3 - -12) + -4 + 2 - 0. Suppose 0 = -31*g - j*g + 894178. Is g a composite number?
False
Is (-19)/19*(-22593 + 10) a composite number?
True
Suppose -r + 136 = -32*s + 34*s, 3*s = -3. Suppose 145*c - r*c = 10927. Is c a prime number?
False
Let h(r) = 48*r**2 + 8*r - 6. Let m(k) = 12*k**3 + k**2 - k - 1. Let p be m(-1). Let y be h(p). Suppose 4*x = 6*x - y. Is x composite?
False
Let i(n) = 625288*n**2 - 23*n + 2. Is i(1) a prime number?
True
Let h = -1592 - -11160. Suppose 7*y + 13693 = -h. Let o = y - -5160. Is o composite?
True
Suppose 0 = -10*f + 3 + 37. Suppose 855 = k + f*b - 2206, 5*k - 15353 = -4*b. Is k a prime number?
False
Let u(y) = 12*y**2 - 13*y - 6. Let w be u(-19). Let l = w + -2660. Is l prime?
True
Suppose -3*d + 43418 = -13*d + 12*d. Is d a composite number?
True
Let n = 111375 - 40784. Is n prime?
False
Let k be 4 + 5 + -9 + 4. Is (3959/k)/((-18)/(-72)) prime?
False
Suppose 2*b + 21 = -5*u, -2*b - 2*u - 4 = b. Is (-1367990)/(-286) + b/(-11) composite?
False
Let b = 2281 + -1062. Is b a composite number?
True
Let a = 2178 + 21047. Is 6/(-4) + a/10 a prime number?
False
Is 2*(4 + 1) - -107775 prime?
False
Let p = 4041 - 3702. Let s(g) = -4*g**3 + g. Let f be s(-1). Suppose f*u - 84 = p. Is u a composite number?
True
Let b(a) = 8042*a**2 - 9*a + 44. Is b(5) a prime number?
True
Let x be 0 - 55 - (-5)/5. Is (6387/4)/(x/(-504)) a composite number?
True
Let a be (6 - 1)*4/10. Suppose -m = -a*f + m + 2, 5*m = -3*f + 27. Is (-361)/(f/4)*-1 prime?
False
Suppose 4*m = 12*m - 8. Is 11864 - m/(-2)*-2 a composite number?
False
Suppose 2587*l = 2571*l + 5095472. Is l a composite number?
False
Let x(a) = 2*a**2 - 25*a + 21. Let k be x(-14). Suppose -4*w = -2*m + 1054, 2*m - k = w + 282. Is m a composite number?
False
Let p(h) = -h - 6. Let x be p(-5). Suppose 16*j = -22*j - j - 288990. Is (x/4)/1 - j/40 prime?
False
Suppose 3*s - a + 0*a = 14, -2*s = -4*a - 26. Let v(o) = 308*o**2 - 21*o + 52. Is v(s) a prime number?
False
Suppose -15*b + 146299 = -125036. Is b composite?
False
Suppose 130533 + 174968 = 19*q. Is q composite?
True
Suppose -2*g + 3552 = 2*p + 2*g, -2*g = 2*p - 3546. Let l = p - 811. Is l composite?
True
Let l = -6 + 11. Let y be 4*((-189)/(-28) + -6). Suppose 6*i - l*i = -y*v + 217, 3*i - 3*v = 627. Is i a composite number?
False
Let w(s) = 491*s + 46. Let q be w(-24). Let t = q + 6865. Let r = -3200 - t. Is r a composite number?
True
Let m(p) = 203*p**2 - 11*p - 21. Is m(-3) composite?
True
Is (-187164791)/(-132) - (-5)/(-60) prime?
False
Suppose -14*v = 9*v + 2507. Is (-2)/(2/2) + 4 - v a composite number?
True
Let r be 90*(-5 + 27/5). Suppose -16*n + r*n - 16360 = 0. Is n a composite number?
True
Let h(z) = -18813*z + 1498. Is h(-37) a prime number?
True
Let y = 61 + -57. Suppose 5*n = 20, 7182 = -2*z + y*z - n. Is z composite?
False
Suppose 0 = -5*z - 5*s + 35185, 4*s - 21115 = 155*z - 158*z. Is z composite?
True
Suppose 2*h + 4608 = 4*h. Suppose 3*f = h - 96. Suppose 4*r - 9710 = -5*a, 0 = -2*a - r + f + 3148. Is a a prime number?
False
Let t(m) = 112*m**2 - m. Let o be t(-1). Let c = -16 + o. Suppose -l - 3*k + 370 = 4*l, -l + c = -4*k. Is l composite?
True
Let u(k) = 155*k**2 - 2. Let s be u(-3). Suppose -6*q + s = q. Let b = q + 423. Is b prime?
False
Let z(f) = -310*f - 75. Suppose -4*q - 3*n = 16 + 3, -2*n = 3*q + 14. Is z(q) composite?
True
Suppose -9*j + 18*j = 3*j. Suppose -2*l + 3396 = 2*g, 5*l + 3*g - 9057 + 577 = j. Is l a composite number?
False
Is 37577 - (2 + -2)/((-14)/(-2) - 6) composite?
True
Let j be 198/(-2) - (-1)/(3/12). Let a = -91 - j. Suppose 0 = -a*d + 9*d - 4075. Is d prime?
False
Suppose -2089247 = -35*l + 6*l. Is l a composite number?
False
Is (-84230)/(-14) + 630/(-63) + (-8)/(-14) a composite number?
False
Let i(j) = 7*j + 4. Let q be i(3). Suppose -1 = -s + 3*l - 0, -q = -5*s - 5*l. Suppose 3*o - f - 9754 = 0, -5*o + 16259 = -s*f - 0*f. Is o a composite number?
False
Let t = 90 + 13. Suppose 934*v + t = 935*v. Is v prime?
True
Is (-72)/18*3/2 + (11407 - 2) prime?
True
Suppose -32151 = -8*w + 31081. Suppose 12*i - 3844 - w = 0. Is i a composite number?
True
Let i = 1695 + -5301. Let o = -2063 - i. Is o prime?
True
Let c = 2601 - 17070. Let l = c - -30902. Is l a composite number?
False
Let r = 82 - -175. Suppose s - 3 = 1, -4*l = -2*s + 56. Is (9 + l)*r/(-3) a prime number?
True
Let i(d) = 0 + 6*d**3 + d - 5*d**3 - d**2 + 4 - 5*d**2. Let n be i(6). Suppose -n*p - 4978 + 20328 = 0. Is p composite?
True
Suppose -38 = -47*c + 28*c. Suppose -5*s - 4*g + 12675 = 0, 3*s + c*g - 7603 = -0*s. Is s composite?
False
Suppose -2*j + 2*c = -2*c - 88, -2*c - 140 = -3*j. Suppose 5*z - 3*z + 73 = -3*w, -5*z - 2*w = 166. Is j/z*538/(-3) prime?
True
Suppose -70*q = -74*q + 3*w + 388468, -5*q + w = -485563. Is q composite?
True
Let v(a) = -21804*a - 455. Is v(-3) a composite number?
True
Suppose -2*l + l + 4*o + 303089 = 0, 1515431 = 5*l - 6*o. Is l prime?
False
Let g(l) = 2*l**3 - 79*l**2 - 182*l - 468. Is g(61) a composite number?
True
Suppose 186*a - 672*a + 282341214 = 0. Is a composite?
True
Suppose 6*t + 16 = 10*t. Suppose -14*z = -t*z - 27370. Suppose z = 2*j - 3*u, 2*u = 3*j - 1337 - 2756. Is j prime?
True
Suppose 122*v - 3612315 = 31*v - 14*v. Is v composite?
False
Is (-2 - -3) + -9 - (-96861)/1 prime?
False
Suppose 30615 = 5*v + 5*a, -3*v + 5*v - 12236 = 3*a. Is v a prime number?
True
Let b be (15/45)/((-1)/(-3)). Let m be (0/2 - b) + -9204. Let y = -5564 - m. Is y prime?
False
Let s(m) = -6*m**3 + 16*m**2 - 8*m + 59. Let n(g) = -7*g**3 + 15*g**2 - 7*g + 57. Let o(d) = 4*n(d) - 5*s(d). Is o(18) composite?
False
Let z(k) = -4*k**3 + 50*k**2 + 11*k - 93. Is z(-22) a prime number?
True
Let n(j) = 82 + 77*j**2 + 86 + 2*j + 100*j**2 - 4*j - 170. Let c be 2 - (1 + 4/(-2)). Is n(c) composite?
True
Suppose 0 = 10*c - 74 + 34. Suppose -295 = -2*z + z - c*r, 1180 = 4*z - 3*r. Is z composite?
True
Is (418940/(-80))/((-1)/8) a prime number?
False
Let o be (0/(1 - -4))/(-2). Let p be 1*(o + -1)*-419. Suppose 4*w - 328 = -4*f, 5*w = -0*w - 2*f + p. Is w prime?
False
Is (-51)/18*-6 - -283196 composite?
True
Suppose -11*g = 22 + 22. Let a be (-1 + (-1122)/g)*2. Let k = a - -1870. Is k a composite number?
True
Suppose -6*i + 4*i = -30. Let v(t) = 216*t + 32. Let j be v(i). Suppose j - 26 = 3*k. Is k composite?
True
Suppose 0 = 3*d - 5*x + 175, -99 + 14 = 2*d + 3*x. Let c be ((-6)/15)/(2/d). Let